{"id":804,"date":"2026-01-27T09:53:33","date_gmt":"2026-01-27T09:53:33","guid":{"rendered":"https:\/\/webshop.nakladapanda.hr\/?product=edukativne-sablone"},"modified":"2026-01-27T09:53:33","modified_gmt":"2026-01-27T09:53:33","slug":"edukativne-sablone","status":"publish","type":"product","link":"https:\/\/webshop.nakladapanda.hr\/?product=edukativne-sablone","title":{"rendered":"Edukativne \u0161ablone"},"content":{"rendered":"","protected":false},"excerpt":{"rendered":"<p>Ove edukativne \u0161ablone mogu se koristiti na mnoge kreativne na\u010dine: za crtanje unutarnjih i vanjskih kontura, kao i za bojanje i otiskivanje spu\u017evom.<br \/>\nIzra\u0111ene su od fleksibilnog polipropilena u jarkim bojama, dugotrajne su i perive.<br \/>\nMogu\u0107e primjene edukativnih \u0161ablona:<br \/>\nPra\u0107enje unutarnjih i vanjskih kontura olovkom<br \/>\nOtiskivanje spu\u017evom temperama<br \/>\n\u0160tucanje slike puhanjem (pozitivne i negativne slike)<br \/>\nJednostavne puzzle igre za prepoznavanje kontura<br \/>\nFleksibilni, jarko obojeni polipropilen i zaobljeni oblici \u010dine ih izdr\u017eljivima, perivima i sigurnima za djecu, a istovremeno poma\u017eu u razvoju:<br \/>\n\u00b7 Koordinacije<br \/>\n\u00b7 Kreativnosti<br \/>\n\u00b7 Vje\u0161tina promatranja<br \/>\nDetalji:<br \/>\nMaterijal: fleksibilni polipropilen<br \/>\nBoje: jarke, privla\u010dne djeci<br \/>\nOblik: zaobljeni rubovi za sigurnost<br \/>\nUpotreba: crtanje, bojenje, otiskivanje, igre prepoznavanja oblika<\/p>\n","protected":false},"featured_media":680,"template":"","meta":[],"product_brand":[46],"product_cat":[39],"product_tag":[],"class_list":{"0":"post-804","1":"product","2":"type-product","3":"status-publish","4":"has-post-thumbnail","6":"product_brand-henbea","7":"product_cat-senzorni-kutak","9":"first","10":"instock","11":"shipping-taxable","12":"purchasable","13":"product-type-simple"},"yoast_head":"<!-- This site is optimized with the Yoast SEO plugin v26.8 - https:\/\/yoast.com\/product\/yoast-seo-wordpress\/ -->\n<title>Edukativne \u0161ablone - Naklada Panda<\/title>\n<meta name=\"robots\" content=\"noindex, follow, max-snippet:-1, max-image-preview:large, max-video-preview:-1\" \/>\n<meta property=\"og:locale\" content=\"hr_HR\" \/>\n<meta property=\"og:type\" content=\"article\" \/>\n<meta property=\"og:title\" content=\"Edukativne \u0161ablone - Naklada Panda\" \/>\n<meta property=\"og:description\" content=\"Ove edukativne \u0161ablone mogu se koristiti na mnoge kreativne na\u010dine: za crtanje unutarnjih i vanjskih kontura, kao i za bojanje i otiskivanje spu\u017evom. Izra\u0111ene su od fleksibilnog polipropilena u jarkim bojama, dugotrajne su i perive. Mogu\u0107e primjene edukativnih \u0161ablona: Pra\u0107enje unutarnjih i vanjskih kontura olovkom Otiskivanje spu\u017evom temperama \u0160tucanje slike puhanjem (pozitivne i negativne slike) Jednostavne puzzle igre za prepoznavanje kontura Fleksibilni, jarko obojeni polipropilen i zaobljeni oblici \u010dine ih izdr\u017eljivima, perivima i sigurnima za djecu, a istovremeno poma\u017eu u razvoju: \u00b7 Koordinacije \u00b7 Kreativnosti \u00b7 Vje\u0161tina promatranja Detalji: Materijal: fleksibilni polipropilen Boje: jarke, privla\u010dne djeci Oblik: zaobljeni rubovi za sigurnost Upotreba: crtanje, bojenje, otiskivanje, igre prepoznavanja oblika\" \/>\n<meta property=\"og:url\" content=\"https:\/\/webshop.nakladapanda.hr\/?product=edukativne-sablone\" \/>\n<meta property=\"og:site_name\" content=\"Naklada Panda\" \/>\n<meta property=\"og:image\" content=\"https:\/\/webshop.nakladapanda.hr\/wp-content\/uploads\/2026\/01\/HE912.webp\" \/>\n\t<meta property=\"og:image:width\" content=\"1920\" \/>\n\t<meta property=\"og:image:height\" content=\"1313\" \/>\n\t<meta property=\"og:image:type\" content=\"image\/webp\" \/>\n<meta name=\"twitter:card\" content=\"summary_large_image\" \/>\n<script type=\"application\/ld+json\" class=\"yoast-schema-graph\">{\"@context\":\"https:\/\/schema.org\",\"@graph\":[{\"@type\":\"WebPage\",\"@id\":\"https:\/\/webshop.nakladapanda.hr\/?product=edukativne-sablone\",\"url\":\"https:\/\/webshop.nakladapanda.hr\/?product=edukativne-sablone\",\"name\":\"Edukativne \u0161ablone - Naklada Panda\",\"isPartOf\":{\"@id\":\"https:\/\/webshop.nakladapanda.hr\/#website\"},\"primaryImageOfPage\":{\"@id\":\"https:\/\/webshop.nakladapanda.hr\/?product=edukativne-sablone#primaryimage\"},\"image\":{\"@id\":\"https:\/\/webshop.nakladapanda.hr\/?product=edukativne-sablone#primaryimage\"},\"thumbnailUrl\":\"https:\/\/webshop.nakladapanda.hr\/wp-content\/uploads\/2026\/01\/HE912.webp\",\"datePublished\":\"2026-01-27T09:53:33+00:00\",\"breadcrumb\":{\"@id\":\"https:\/\/webshop.nakladapanda.hr\/?product=edukativne-sablone#breadcrumb\"},\"inLanguage\":\"hr\",\"potentialAction\":[{\"@type\":\"ReadAction\",\"target\":[\"https:\/\/webshop.nakladapanda.hr\/?product=edukativne-sablone\"]}]},{\"@type\":\"ImageObject\",\"inLanguage\":\"hr\",\"@id\":\"https:\/\/webshop.nakladapanda.hr\/?product=edukativne-sablone#primaryimage\",\"url\":\"https:\/\/webshop.nakladapanda.hr\/wp-content\/uploads\/2026\/01\/HE912.webp\",\"contentUrl\":\"https:\/\/webshop.nakladapanda.hr\/wp-content\/uploads\/2026\/01\/HE912.webp\",\"width\":1920,\"height\":1313},{\"@type\":\"BreadcrumbList\",\"@id\":\"https:\/\/webshop.nakladapanda.hr\/?product=edukativne-sablone#breadcrumb\",\"itemListElement\":[{\"@type\":\"ListItem\",\"position\":1,\"name\":\"Home\",\"item\":\"https:\/\/webshop.nakladapanda.hr\/\"},{\"@type\":\"ListItem\",\"position\":2,\"name\":\"Products\",\"item\":\"https:\/\/webshop.nakladapanda.hr\/?post_type=product\"},{\"@type\":\"ListItem\",\"position\":3,\"name\":\"Edukativne \u0161ablone\"}]},{\"@type\":\"WebSite\",\"@id\":\"https:\/\/webshop.nakladapanda.hr\/#website\",\"url\":\"https:\/\/webshop.nakladapanda.hr\/\",\"name\":\"Naklada Panda\",\"description\":\"\",\"publisher\":{\"@id\":\"https:\/\/webshop.nakladapanda.hr\/#organization\"},\"potentialAction\":[{\"@type\":\"SearchAction\",\"target\":{\"@type\":\"EntryPoint\",\"urlTemplate\":\"https:\/\/webshop.nakladapanda.hr\/?s={search_term_string}\"},\"query-input\":{\"@type\":\"PropertyValueSpecification\",\"valueRequired\":true,\"valueName\":\"search_term_string\"}}],\"inLanguage\":\"hr\"},{\"@type\":\"Organization\",\"@id\":\"https:\/\/webshop.nakladapanda.hr\/#organization\",\"name\":\"Naklada Panda\",\"url\":\"https:\/\/webshop.nakladapanda.hr\/\",\"logo\":{\"@type\":\"ImageObject\",\"inLanguage\":\"hr\",\"@id\":\"https:\/\/webshop.nakladapanda.hr\/#\/schema\/logo\/image\/\",\"url\":\"https:\/\/webshop.nakladapanda.hr\/wp-content\/uploads\/2025\/12\/naklada-panda-logo.png\",\"contentUrl\":\"https:\/\/webshop.nakladapanda.hr\/wp-content\/uploads\/2025\/12\/naklada-panda-logo.png\",\"width\":643,\"height\":244,\"caption\":\"Naklada Panda\"},\"image\":{\"@id\":\"https:\/\/webshop.nakladapanda.hr\/#\/schema\/logo\/image\/\"}}]}<\/script>\n<!-- \/ Yoast SEO plugin. -->","yoast_head_json":{"title":"Edukativne \u0161ablone - Naklada Panda","robots":{"index":"noindex","follow":"follow","max-snippet":"max-snippet:-1","max-image-preview":"max-image-preview:large","max-video-preview":"max-video-preview:-1"},"og_locale":"hr_HR","og_type":"article","og_title":"Edukativne \u0161ablone - Naklada Panda","og_description":"Ove edukativne \u0161ablone mogu se koristiti na mnoge kreativne na\u010dine: za crtanje unutarnjih i vanjskih kontura, kao i za bojanje i otiskivanje spu\u017evom. Izra\u0111ene su od fleksibilnog polipropilena u jarkim bojama, dugotrajne su i perive. Mogu\u0107e primjene edukativnih \u0161ablona: Pra\u0107enje unutarnjih i vanjskih kontura olovkom Otiskivanje spu\u017evom temperama \u0160tucanje slike puhanjem (pozitivne i negativne slike) Jednostavne puzzle igre za prepoznavanje kontura Fleksibilni, jarko obojeni polipropilen i zaobljeni oblici \u010dine ih izdr\u017eljivima, perivima i sigurnima za djecu, a istovremeno poma\u017eu u razvoju: \u00b7 Koordinacije \u00b7 Kreativnosti \u00b7 Vje\u0161tina promatranja Detalji: Materijal: fleksibilni polipropilen Boje: jarke, privla\u010dne djeci Oblik: zaobljeni rubovi za sigurnost Upotreba: crtanje, bojenje, otiskivanje, igre prepoznavanja oblika","og_url":"https:\/\/webshop.nakladapanda.hr\/?product=edukativne-sablone","og_site_name":"Naklada Panda","og_image":[{"width":1920,"height":1313,"url":"https:\/\/webshop.nakladapanda.hr\/wp-content\/uploads\/2026\/01\/HE912.webp","type":"image\/webp"}],"twitter_card":"summary_large_image","schema":{"@context":"https:\/\/schema.org","@graph":[{"@type":"WebPage","@id":"https:\/\/webshop.nakladapanda.hr\/?product=edukativne-sablone","url":"https:\/\/webshop.nakladapanda.hr\/?product=edukativne-sablone","name":"Edukativne \u0161ablone - Naklada Panda","isPartOf":{"@id":"https:\/\/webshop.nakladapanda.hr\/#website"},"primaryImageOfPage":{"@id":"https:\/\/webshop.nakladapanda.hr\/?product=edukativne-sablone#primaryimage"},"image":{"@id":"https:\/\/webshop.nakladapanda.hr\/?product=edukativne-sablone#primaryimage"},"thumbnailUrl":"https:\/\/webshop.nakladapanda.hr\/wp-content\/uploads\/2026\/01\/HE912.webp","datePublished":"2026-01-27T09:53:33+00:00","breadcrumb":{"@id":"https:\/\/webshop.nakladapanda.hr\/?product=edukativne-sablone#breadcrumb"},"inLanguage":"hr","potentialAction":[{"@type":"ReadAction","target":["https:\/\/webshop.nakladapanda.hr\/?product=edukativne-sablone"]}]},{"@type":"ImageObject","inLanguage":"hr","@id":"https:\/\/webshop.nakladapanda.hr\/?product=edukativne-sablone#primaryimage","url":"https:\/\/webshop.nakladapanda.hr\/wp-content\/uploads\/2026\/01\/HE912.webp","contentUrl":"https:\/\/webshop.nakladapanda.hr\/wp-content\/uploads\/2026\/01\/HE912.webp","width":1920,"height":1313},{"@type":"BreadcrumbList","@id":"https:\/\/webshop.nakladapanda.hr\/?product=edukativne-sablone#breadcrumb","itemListElement":[{"@type":"ListItem","position":1,"name":"Home","item":"https:\/\/webshop.nakladapanda.hr\/"},{"@type":"ListItem","position":2,"name":"Products","item":"https:\/\/webshop.nakladapanda.hr\/?post_type=product"},{"@type":"ListItem","position":3,"name":"Edukativne \u0161ablone"}]},{"@type":"WebSite","@id":"https:\/\/webshop.nakladapanda.hr\/#website","url":"https:\/\/webshop.nakladapanda.hr\/","name":"Naklada Panda","description":"","publisher":{"@id":"https:\/\/webshop.nakladapanda.hr\/#organization"},"potentialAction":[{"@type":"SearchAction","target":{"@type":"EntryPoint","urlTemplate":"https:\/\/webshop.nakladapanda.hr\/?s={search_term_string}"},"query-input":{"@type":"PropertyValueSpecification","valueRequired":true,"valueName":"search_term_string"}}],"inLanguage":"hr"},{"@type":"Organization","@id":"https:\/\/webshop.nakladapanda.hr\/#organization","name":"Naklada Panda","url":"https:\/\/webshop.nakladapanda.hr\/","logo":{"@type":"ImageObject","inLanguage":"hr","@id":"https:\/\/webshop.nakladapanda.hr\/#\/schema\/logo\/image\/","url":"https:\/\/webshop.nakladapanda.hr\/wp-content\/uploads\/2025\/12\/naklada-panda-logo.png","contentUrl":"https:\/\/webshop.nakladapanda.hr\/wp-content\/uploads\/2025\/12\/naklada-panda-logo.png","width":643,"height":244,"caption":"Naklada Panda"},"image":{"@id":"https:\/\/webshop.nakladapanda.hr\/#\/schema\/logo\/image\/"}}]}},"_links":{"self":[{"href":"https:\/\/webshop.nakladapanda.hr\/index.php?rest_route=\/wp\/v2\/product\/804","targetHints":{"allow":["GET"]}}],"collection":[{"href":"https:\/\/webshop.nakladapanda.hr\/index.php?rest_route=\/wp\/v2\/product"}],"about":[{"href":"https:\/\/webshop.nakladapanda.hr\/index.php?rest_route=\/wp\/v2\/types\/product"}],"wp:featuredmedia":[{"embeddable":true,"href":"https:\/\/webshop.nakladapanda.hr\/index.php?rest_route=\/wp\/v2\/media\/680"}],"wp:attachment":[{"href":"https:\/\/webshop.nakladapanda.hr\/index.php?rest_route=%2Fwp%2Fv2%2Fmedia&parent=804"}],"wp:term":[{"taxonomy":"product_brand","embeddable":true,"href":"https:\/\/webshop.nakladapanda.hr\/index.php?rest_route=%2Fwp%2Fv2%2Fproduct_brand&post=804"},{"taxonomy":"product_cat","embeddable":true,"href":"https:\/\/webshop.nakladapanda.hr\/index.php?rest_route=%2Fwp%2Fv2%2Fproduct_cat&post=804"},{"taxonomy":"product_tag","embeddable":true,"href":"https:\/\/webshop.nakladapanda.hr\/index.php?rest_route=%2Fwp%2Fv2%2Fproduct_tag&post=804"}],"curies":[{"name":"wp","href":"https:\/\/api.w.org\/{rel}","templated":true}]}}