{"id":781,"date":"2026-01-27T09:53:28","date_gmt":"2026-01-27T09:53:28","guid":{"rendered":"https:\/\/webshop.nakladapanda.hr\/?product=raketa-u-torbi"},"modified":"2026-01-27T09:53:28","modified_gmt":"2026-01-27T09:53:28","slug":"raketa-u-torbi","status":"publish","type":"product","link":"https:\/\/webshop.nakladapanda.hr\/?product=raketa-u-torbi","title":{"rendered":"Raketa u torbi"},"content":{"rendered":"","protected":false},"excerpt":{"rendered":"<p>Je li Zemlja super? Naravno da jest, ali nemojmo pretjerivati \u2013 koliko dugo se mo\u017ee igrati na istoj planeti! Krenimo dalje, zapo\u010dinjemo pilotirani let na Mars. Posada je spremna \u2013 Pilot, In\u017eenjer, Fizi\u010dar, Kemijski stru\u010dnjak i Lije\u010dnik \u2013 sada nam nedostaje samo neustra\u0161ivi Mali Istra\u017eiva\u010d koji \u0107e predvoditi ovu izvanrednu svemirsku ekspediciju. Motori uklju\u010deni? 3\u2026 2\u2026 1\u2026 Polet!<br \/>\nSet sadr\u017ei 270 elemenata<br \/>\nDimenzije pakiranja: 27 cm \u00d7 95 cm \u00d7 27 cm<\/p>\n","protected":false},"featured_media":693,"template":"","meta":[],"product_brand":[29],"product_cat":[30],"product_tag":[],"class_list":{"0":"post-781","1":"product","2":"type-product","3":"status-publish","4":"has-post-thumbnail","6":"product_brand-marionex","7":"product_cat-konstruktori","9":"first","10":"instock","11":"shipping-taxable","12":"purchasable","13":"product-type-simple"},"yoast_head":"<!-- This site is optimized with the Yoast SEO plugin v26.8 - https:\/\/yoast.com\/product\/yoast-seo-wordpress\/ -->\n<title>Raketa u torbi - Naklada Panda<\/title>\n<meta name=\"robots\" content=\"noindex, follow, max-snippet:-1, max-image-preview:large, max-video-preview:-1\" \/>\n<meta property=\"og:locale\" content=\"hr_HR\" \/>\n<meta property=\"og:type\" content=\"article\" \/>\n<meta property=\"og:title\" content=\"Raketa u torbi - Naklada Panda\" \/>\n<meta property=\"og:description\" content=\"Je li Zemlja super? Naravno da jest, ali nemojmo pretjerivati \u2013 koliko dugo se mo\u017ee igrati na istoj planeti! Krenimo dalje, zapo\u010dinjemo pilotirani let na Mars. Posada je spremna \u2013 Pilot, In\u017eenjer, Fizi\u010dar, Kemijski stru\u010dnjak i Lije\u010dnik \u2013 sada nam nedostaje samo neustra\u0161ivi Mali Istra\u017eiva\u010d koji \u0107e predvoditi ovu izvanrednu svemirsku ekspediciju. Motori uklju\u010deni? 3\u2026 2\u2026 1\u2026 Polet! Set sadr\u017ei 270 elemenata Dimenzije pakiranja: 27 cm \u00d7 95 cm \u00d7 27 cm\" \/>\n<meta property=\"og:url\" content=\"https:\/\/webshop.nakladapanda.hr\/?product=raketa-u-torbi\" \/>\n<meta property=\"og:site_name\" content=\"Naklada Panda\" \/>\n<meta property=\"og:image\" content=\"https:\/\/webshop.nakladapanda.hr\/wp-content\/uploads\/2026\/01\/M901687.jpeg\" \/>\n\t<meta property=\"og:image:width\" content=\"1813\" \/>\n\t<meta property=\"og:image:height\" content=\"1734\" \/>\n\t<meta property=\"og:image:type\" content=\"image\/jpeg\" \/>\n<meta name=\"twitter:card\" content=\"summary_large_image\" \/>\n<script type=\"application\/ld+json\" class=\"yoast-schema-graph\">{\"@context\":\"https:\/\/schema.org\",\"@graph\":[{\"@type\":\"WebPage\",\"@id\":\"https:\/\/webshop.nakladapanda.hr\/?product=raketa-u-torbi\",\"url\":\"https:\/\/webshop.nakladapanda.hr\/?product=raketa-u-torbi\",\"name\":\"Raketa u torbi - Naklada Panda\",\"isPartOf\":{\"@id\":\"https:\/\/webshop.nakladapanda.hr\/#website\"},\"primaryImageOfPage\":{\"@id\":\"https:\/\/webshop.nakladapanda.hr\/?product=raketa-u-torbi#primaryimage\"},\"image\":{\"@id\":\"https:\/\/webshop.nakladapanda.hr\/?product=raketa-u-torbi#primaryimage\"},\"thumbnailUrl\":\"https:\/\/webshop.nakladapanda.hr\/wp-content\/uploads\/2026\/01\/M901687.jpeg\",\"datePublished\":\"2026-01-27T09:53:28+00:00\",\"breadcrumb\":{\"@id\":\"https:\/\/webshop.nakladapanda.hr\/?product=raketa-u-torbi#breadcrumb\"},\"inLanguage\":\"hr\",\"potentialAction\":[{\"@type\":\"ReadAction\",\"target\":[\"https:\/\/webshop.nakladapanda.hr\/?product=raketa-u-torbi\"]}]},{\"@type\":\"ImageObject\",\"inLanguage\":\"hr\",\"@id\":\"https:\/\/webshop.nakladapanda.hr\/?product=raketa-u-torbi#primaryimage\",\"url\":\"https:\/\/webshop.nakladapanda.hr\/wp-content\/uploads\/2026\/01\/M901687.jpeg\",\"contentUrl\":\"https:\/\/webshop.nakladapanda.hr\/wp-content\/uploads\/2026\/01\/M901687.jpeg\",\"width\":1813,\"height\":1734},{\"@type\":\"BreadcrumbList\",\"@id\":\"https:\/\/webshop.nakladapanda.hr\/?product=raketa-u-torbi#breadcrumb\",\"itemListElement\":[{\"@type\":\"ListItem\",\"position\":1,\"name\":\"Home\",\"item\":\"https:\/\/webshop.nakladapanda.hr\/\"},{\"@type\":\"ListItem\",\"position\":2,\"name\":\"Products\",\"item\":\"https:\/\/webshop.nakladapanda.hr\/?post_type=product\"},{\"@type\":\"ListItem\",\"position\":3,\"name\":\"Raketa u torbi\"}]},{\"@type\":\"WebSite\",\"@id\":\"https:\/\/webshop.nakladapanda.hr\/#website\",\"url\":\"https:\/\/webshop.nakladapanda.hr\/\",\"name\":\"Naklada Panda\",\"description\":\"\",\"publisher\":{\"@id\":\"https:\/\/webshop.nakladapanda.hr\/#organization\"},\"potentialAction\":[{\"@type\":\"SearchAction\",\"target\":{\"@type\":\"EntryPoint\",\"urlTemplate\":\"https:\/\/webshop.nakladapanda.hr\/?s={search_term_string}\"},\"query-input\":{\"@type\":\"PropertyValueSpecification\",\"valueRequired\":true,\"valueName\":\"search_term_string\"}}],\"inLanguage\":\"hr\"},{\"@type\":\"Organization\",\"@id\":\"https:\/\/webshop.nakladapanda.hr\/#organization\",\"name\":\"Naklada Panda\",\"url\":\"https:\/\/webshop.nakladapanda.hr\/\",\"logo\":{\"@type\":\"ImageObject\",\"inLanguage\":\"hr\",\"@id\":\"https:\/\/webshop.nakladapanda.hr\/#\/schema\/logo\/image\/\",\"url\":\"https:\/\/webshop.nakladapanda.hr\/wp-content\/uploads\/2025\/12\/naklada-panda-logo.png\",\"contentUrl\":\"https:\/\/webshop.nakladapanda.hr\/wp-content\/uploads\/2025\/12\/naklada-panda-logo.png\",\"width\":643,\"height\":244,\"caption\":\"Naklada Panda\"},\"image\":{\"@id\":\"https:\/\/webshop.nakladapanda.hr\/#\/schema\/logo\/image\/\"}}]}<\/script>\n<!-- \/ Yoast SEO plugin. -->","yoast_head_json":{"title":"Raketa u torbi - Naklada Panda","robots":{"index":"noindex","follow":"follow","max-snippet":"max-snippet:-1","max-image-preview":"max-image-preview:large","max-video-preview":"max-video-preview:-1"},"og_locale":"hr_HR","og_type":"article","og_title":"Raketa u torbi - Naklada Panda","og_description":"Je li Zemlja super? Naravno da jest, ali nemojmo pretjerivati \u2013 koliko dugo se mo\u017ee igrati na istoj planeti! Krenimo dalje, zapo\u010dinjemo pilotirani let na Mars. Posada je spremna \u2013 Pilot, In\u017eenjer, Fizi\u010dar, Kemijski stru\u010dnjak i Lije\u010dnik \u2013 sada nam nedostaje samo neustra\u0161ivi Mali Istra\u017eiva\u010d koji \u0107e predvoditi ovu izvanrednu svemirsku ekspediciju. Motori uklju\u010deni? 3\u2026 2\u2026 1\u2026 Polet! Set sadr\u017ei 270 elemenata Dimenzije pakiranja: 27 cm \u00d7 95 cm \u00d7 27 cm","og_url":"https:\/\/webshop.nakladapanda.hr\/?product=raketa-u-torbi","og_site_name":"Naklada Panda","og_image":[{"width":1813,"height":1734,"url":"https:\/\/webshop.nakladapanda.hr\/wp-content\/uploads\/2026\/01\/M901687.jpeg","type":"image\/jpeg"}],"twitter_card":"summary_large_image","schema":{"@context":"https:\/\/schema.org","@graph":[{"@type":"WebPage","@id":"https:\/\/webshop.nakladapanda.hr\/?product=raketa-u-torbi","url":"https:\/\/webshop.nakladapanda.hr\/?product=raketa-u-torbi","name":"Raketa u torbi - Naklada Panda","isPartOf":{"@id":"https:\/\/webshop.nakladapanda.hr\/#website"},"primaryImageOfPage":{"@id":"https:\/\/webshop.nakladapanda.hr\/?product=raketa-u-torbi#primaryimage"},"image":{"@id":"https:\/\/webshop.nakladapanda.hr\/?product=raketa-u-torbi#primaryimage"},"thumbnailUrl":"https:\/\/webshop.nakladapanda.hr\/wp-content\/uploads\/2026\/01\/M901687.jpeg","datePublished":"2026-01-27T09:53:28+00:00","breadcrumb":{"@id":"https:\/\/webshop.nakladapanda.hr\/?product=raketa-u-torbi#breadcrumb"},"inLanguage":"hr","potentialAction":[{"@type":"ReadAction","target":["https:\/\/webshop.nakladapanda.hr\/?product=raketa-u-torbi"]}]},{"@type":"ImageObject","inLanguage":"hr","@id":"https:\/\/webshop.nakladapanda.hr\/?product=raketa-u-torbi#primaryimage","url":"https:\/\/webshop.nakladapanda.hr\/wp-content\/uploads\/2026\/01\/M901687.jpeg","contentUrl":"https:\/\/webshop.nakladapanda.hr\/wp-content\/uploads\/2026\/01\/M901687.jpeg","width":1813,"height":1734},{"@type":"BreadcrumbList","@id":"https:\/\/webshop.nakladapanda.hr\/?product=raketa-u-torbi#breadcrumb","itemListElement":[{"@type":"ListItem","position":1,"name":"Home","item":"https:\/\/webshop.nakladapanda.hr\/"},{"@type":"ListItem","position":2,"name":"Products","item":"https:\/\/webshop.nakladapanda.hr\/?post_type=product"},{"@type":"ListItem","position":3,"name":"Raketa u torbi"}]},{"@type":"WebSite","@id":"https:\/\/webshop.nakladapanda.hr\/#website","url":"https:\/\/webshop.nakladapanda.hr\/","name":"Naklada Panda","description":"","publisher":{"@id":"https:\/\/webshop.nakladapanda.hr\/#organization"},"potentialAction":[{"@type":"SearchAction","target":{"@type":"EntryPoint","urlTemplate":"https:\/\/webshop.nakladapanda.hr\/?s={search_term_string}"},"query-input":{"@type":"PropertyValueSpecification","valueRequired":true,"valueName":"search_term_string"}}],"inLanguage":"hr"},{"@type":"Organization","@id":"https:\/\/webshop.nakladapanda.hr\/#organization","name":"Naklada Panda","url":"https:\/\/webshop.nakladapanda.hr\/","logo":{"@type":"ImageObject","inLanguage":"hr","@id":"https:\/\/webshop.nakladapanda.hr\/#\/schema\/logo\/image\/","url":"https:\/\/webshop.nakladapanda.hr\/wp-content\/uploads\/2025\/12\/naklada-panda-logo.png","contentUrl":"https:\/\/webshop.nakladapanda.hr\/wp-content\/uploads\/2025\/12\/naklada-panda-logo.png","width":643,"height":244,"caption":"Naklada Panda"},"image":{"@id":"https:\/\/webshop.nakladapanda.hr\/#\/schema\/logo\/image\/"}}]}},"_links":{"self":[{"href":"https:\/\/webshop.nakladapanda.hr\/index.php?rest_route=\/wp\/v2\/product\/781","targetHints":{"allow":["GET"]}}],"collection":[{"href":"https:\/\/webshop.nakladapanda.hr\/index.php?rest_route=\/wp\/v2\/product"}],"about":[{"href":"https:\/\/webshop.nakladapanda.hr\/index.php?rest_route=\/wp\/v2\/types\/product"}],"wp:featuredmedia":[{"embeddable":true,"href":"https:\/\/webshop.nakladapanda.hr\/index.php?rest_route=\/wp\/v2\/media\/693"}],"wp:attachment":[{"href":"https:\/\/webshop.nakladapanda.hr\/index.php?rest_route=%2Fwp%2Fv2%2Fmedia&parent=781"}],"wp:term":[{"taxonomy":"product_brand","embeddable":true,"href":"https:\/\/webshop.nakladapanda.hr\/index.php?rest_route=%2Fwp%2Fv2%2Fproduct_brand&post=781"},{"taxonomy":"product_cat","embeddable":true,"href":"https:\/\/webshop.nakladapanda.hr\/index.php?rest_route=%2Fwp%2Fv2%2Fproduct_cat&post=781"},{"taxonomy":"product_tag","embeddable":true,"href":"https:\/\/webshop.nakladapanda.hr\/index.php?rest_route=%2Fwp%2Fv2%2Fproduct_tag&post=781"}],"curies":[{"name":"wp","href":"https:\/\/api.w.org\/{rel}","templated":true}]}}