{"id":771,"date":"2026-01-27T09:53:27","date_gmt":"2026-01-27T09:53:27","guid":{"rendered":"https:\/\/webshop.nakladapanda.hr\/?product=classic-blocks-350"},"modified":"2026-01-27T09:53:27","modified_gmt":"2026-01-27T09:53:27","slug":"classic-blocks-350","status":"publish","type":"product","link":"https:\/\/webshop.nakladapanda.hr\/?product=classic-blocks-350","title":{"rendered":"Classic Blocks 350"},"content":{"rendered":"","protected":false},"excerpt":{"rendered":"<p>Ovo su kockice koje su sva djeca \u010dekala!<br \/>\nIzgledom podsje\u0107aju na klasi\u010dne kockice, ali su izra\u0111ene od mekog i fleksibilnog materijala, \u0161to igru \u010dini iznimno ugodnom, sigurnom i tihom.<br \/>\nTekstura kockica pru\u017ea djeci vrijedna senzorna iskustva, a njihovi raznoliki oblici omogu\u0107uju stvaranje razli\u010ditih prostornih konstrukcija, prema inspiracijama iz seta ili prema vlastitim idejama.<br \/>\nSet se sastoji od 350 dijelova te razvija kreativnost, psihomotori\u010dke vje\u0161tine i logi\u010dko razmi\u0161ljanje.<br \/>\nMarioinex \u2013 sigurne kockice za djecu<br \/>\nMarioinex kockice dizajnirane su tako da budu \u0161to ugodnije i sigurnije za djecu.<br \/>\nIzra\u0111ene su od fleksibilnog, mekanog i ugodnog materijala na dodir.<br \/>\nNjihov oblik savr\u0161eno je prilago\u0111en obliku i veli\u010dini dje\u010djih ruku, a kori\u0161tene boje su nje\u017ene i ugodne za oko.<br \/>\nDobitnici su nagrada na natjecanjima kao \u0161to su \u201eIgra\u010dka godine\u201d i \u201eSvijet prijateljski prema djeci\u201d.<\/p>\n","protected":false},"featured_media":667,"template":"","meta":[],"product_brand":[44],"product_cat":[30],"product_tag":[],"class_list":{"0":"post-771","1":"product","2":"type-product","3":"status-publish","4":"has-post-thumbnail","6":"product_brand-marioinex","7":"product_cat-konstruktori","9":"first","10":"instock","11":"shipping-taxable","12":"purchasable","13":"product-type-simple"},"yoast_head":"<!-- This site is optimized with the Yoast SEO plugin v26.8 - https:\/\/yoast.com\/product\/yoast-seo-wordpress\/ -->\n<title>Classic Blocks 350 - Naklada Panda<\/title>\n<meta name=\"robots\" content=\"noindex, follow, max-snippet:-1, max-image-preview:large, max-video-preview:-1\" \/>\n<meta property=\"og:locale\" content=\"hr_HR\" \/>\n<meta property=\"og:type\" content=\"article\" \/>\n<meta property=\"og:title\" content=\"Classic Blocks 350 - Naklada Panda\" \/>\n<meta property=\"og:description\" content=\"Ovo su kockice koje su sva djeca \u010dekala! Izgledom podsje\u0107aju na klasi\u010dne kockice, ali su izra\u0111ene od mekog i fleksibilnog materijala, \u0161to igru \u010dini iznimno ugodnom, sigurnom i tihom. Tekstura kockica pru\u017ea djeci vrijedna senzorna iskustva, a njihovi raznoliki oblici omogu\u0107uju stvaranje razli\u010ditih prostornih konstrukcija, prema inspiracijama iz seta ili prema vlastitim idejama. Set se sastoji od 350 dijelova te razvija kreativnost, psihomotori\u010dke vje\u0161tine i logi\u010dko razmi\u0161ljanje. Marioinex \u2013 sigurne kockice za djecu Marioinex kockice dizajnirane su tako da budu \u0161to ugodnije i sigurnije za djecu. Izra\u0111ene su od fleksibilnog, mekanog i ugodnog materijala na dodir. Njihov oblik savr\u0161eno je prilago\u0111en obliku i veli\u010dini dje\u010djih ruku, a kori\u0161tene boje su nje\u017ene i ugodne za oko. Dobitnici su nagrada na natjecanjima kao \u0161to su \u201eIgra\u010dka godine\u201d i \u201eSvijet prijateljski prema djeci\u201d.\" \/>\n<meta property=\"og:url\" content=\"https:\/\/webshop.nakladapanda.hr\/?product=classic-blocks-350\" \/>\n<meta property=\"og:site_name\" content=\"Naklada Panda\" \/>\n<meta property=\"og:image\" content=\"https:\/\/webshop.nakladapanda.hr\/wp-content\/uploads\/2026\/01\/902844.jpeg\" \/>\n\t<meta property=\"og:image:width\" content=\"1080\" \/>\n\t<meta property=\"og:image:height\" content=\"1080\" \/>\n\t<meta property=\"og:image:type\" content=\"image\/jpeg\" \/>\n<meta name=\"twitter:card\" content=\"summary_large_image\" \/>\n<script type=\"application\/ld+json\" class=\"yoast-schema-graph\">{\"@context\":\"https:\/\/schema.org\",\"@graph\":[{\"@type\":\"WebPage\",\"@id\":\"https:\/\/webshop.nakladapanda.hr\/?product=classic-blocks-350\",\"url\":\"https:\/\/webshop.nakladapanda.hr\/?product=classic-blocks-350\",\"name\":\"Classic Blocks 350 - Naklada Panda\",\"isPartOf\":{\"@id\":\"https:\/\/webshop.nakladapanda.hr\/#website\"},\"primaryImageOfPage\":{\"@id\":\"https:\/\/webshop.nakladapanda.hr\/?product=classic-blocks-350#primaryimage\"},\"image\":{\"@id\":\"https:\/\/webshop.nakladapanda.hr\/?product=classic-blocks-350#primaryimage\"},\"thumbnailUrl\":\"https:\/\/webshop.nakladapanda.hr\/wp-content\/uploads\/2026\/01\/902844.jpeg\",\"datePublished\":\"2026-01-27T09:53:27+00:00\",\"breadcrumb\":{\"@id\":\"https:\/\/webshop.nakladapanda.hr\/?product=classic-blocks-350#breadcrumb\"},\"inLanguage\":\"hr\",\"potentialAction\":[{\"@type\":\"ReadAction\",\"target\":[\"https:\/\/webshop.nakladapanda.hr\/?product=classic-blocks-350\"]}]},{\"@type\":\"ImageObject\",\"inLanguage\":\"hr\",\"@id\":\"https:\/\/webshop.nakladapanda.hr\/?product=classic-blocks-350#primaryimage\",\"url\":\"https:\/\/webshop.nakladapanda.hr\/wp-content\/uploads\/2026\/01\/902844.jpeg\",\"contentUrl\":\"https:\/\/webshop.nakladapanda.hr\/wp-content\/uploads\/2026\/01\/902844.jpeg\",\"width\":1080,\"height\":1080},{\"@type\":\"BreadcrumbList\",\"@id\":\"https:\/\/webshop.nakladapanda.hr\/?product=classic-blocks-350#breadcrumb\",\"itemListElement\":[{\"@type\":\"ListItem\",\"position\":1,\"name\":\"Home\",\"item\":\"https:\/\/webshop.nakladapanda.hr\/\"},{\"@type\":\"ListItem\",\"position\":2,\"name\":\"Products\",\"item\":\"https:\/\/webshop.nakladapanda.hr\/?post_type=product\"},{\"@type\":\"ListItem\",\"position\":3,\"name\":\"Classic Blocks 350\"}]},{\"@type\":\"WebSite\",\"@id\":\"https:\/\/webshop.nakladapanda.hr\/#website\",\"url\":\"https:\/\/webshop.nakladapanda.hr\/\",\"name\":\"Naklada Panda\",\"description\":\"\",\"publisher\":{\"@id\":\"https:\/\/webshop.nakladapanda.hr\/#organization\"},\"potentialAction\":[{\"@type\":\"SearchAction\",\"target\":{\"@type\":\"EntryPoint\",\"urlTemplate\":\"https:\/\/webshop.nakladapanda.hr\/?s={search_term_string}\"},\"query-input\":{\"@type\":\"PropertyValueSpecification\",\"valueRequired\":true,\"valueName\":\"search_term_string\"}}],\"inLanguage\":\"hr\"},{\"@type\":\"Organization\",\"@id\":\"https:\/\/webshop.nakladapanda.hr\/#organization\",\"name\":\"Naklada Panda\",\"url\":\"https:\/\/webshop.nakladapanda.hr\/\",\"logo\":{\"@type\":\"ImageObject\",\"inLanguage\":\"hr\",\"@id\":\"https:\/\/webshop.nakladapanda.hr\/#\/schema\/logo\/image\/\",\"url\":\"https:\/\/webshop.nakladapanda.hr\/wp-content\/uploads\/2025\/12\/naklada-panda-logo.png\",\"contentUrl\":\"https:\/\/webshop.nakladapanda.hr\/wp-content\/uploads\/2025\/12\/naklada-panda-logo.png\",\"width\":643,\"height\":244,\"caption\":\"Naklada Panda\"},\"image\":{\"@id\":\"https:\/\/webshop.nakladapanda.hr\/#\/schema\/logo\/image\/\"}}]}<\/script>\n<!-- \/ Yoast SEO plugin. -->","yoast_head_json":{"title":"Classic Blocks 350 - Naklada Panda","robots":{"index":"noindex","follow":"follow","max-snippet":"max-snippet:-1","max-image-preview":"max-image-preview:large","max-video-preview":"max-video-preview:-1"},"og_locale":"hr_HR","og_type":"article","og_title":"Classic Blocks 350 - Naklada Panda","og_description":"Ovo su kockice koje su sva djeca \u010dekala! Izgledom podsje\u0107aju na klasi\u010dne kockice, ali su izra\u0111ene od mekog i fleksibilnog materijala, \u0161to igru \u010dini iznimno ugodnom, sigurnom i tihom. Tekstura kockica pru\u017ea djeci vrijedna senzorna iskustva, a njihovi raznoliki oblici omogu\u0107uju stvaranje razli\u010ditih prostornih konstrukcija, prema inspiracijama iz seta ili prema vlastitim idejama. Set se sastoji od 350 dijelova te razvija kreativnost, psihomotori\u010dke vje\u0161tine i logi\u010dko razmi\u0161ljanje. Marioinex \u2013 sigurne kockice za djecu Marioinex kockice dizajnirane su tako da budu \u0161to ugodnije i sigurnije za djecu. Izra\u0111ene su od fleksibilnog, mekanog i ugodnog materijala na dodir. Njihov oblik savr\u0161eno je prilago\u0111en obliku i veli\u010dini dje\u010djih ruku, a kori\u0161tene boje su nje\u017ene i ugodne za oko. Dobitnici su nagrada na natjecanjima kao \u0161to su \u201eIgra\u010dka godine\u201d i \u201eSvijet prijateljski prema djeci\u201d.","og_url":"https:\/\/webshop.nakladapanda.hr\/?product=classic-blocks-350","og_site_name":"Naklada Panda","og_image":[{"width":1080,"height":1080,"url":"https:\/\/webshop.nakladapanda.hr\/wp-content\/uploads\/2026\/01\/902844.jpeg","type":"image\/jpeg"}],"twitter_card":"summary_large_image","schema":{"@context":"https:\/\/schema.org","@graph":[{"@type":"WebPage","@id":"https:\/\/webshop.nakladapanda.hr\/?product=classic-blocks-350","url":"https:\/\/webshop.nakladapanda.hr\/?product=classic-blocks-350","name":"Classic Blocks 350 - Naklada Panda","isPartOf":{"@id":"https:\/\/webshop.nakladapanda.hr\/#website"},"primaryImageOfPage":{"@id":"https:\/\/webshop.nakladapanda.hr\/?product=classic-blocks-350#primaryimage"},"image":{"@id":"https:\/\/webshop.nakladapanda.hr\/?product=classic-blocks-350#primaryimage"},"thumbnailUrl":"https:\/\/webshop.nakladapanda.hr\/wp-content\/uploads\/2026\/01\/902844.jpeg","datePublished":"2026-01-27T09:53:27+00:00","breadcrumb":{"@id":"https:\/\/webshop.nakladapanda.hr\/?product=classic-blocks-350#breadcrumb"},"inLanguage":"hr","potentialAction":[{"@type":"ReadAction","target":["https:\/\/webshop.nakladapanda.hr\/?product=classic-blocks-350"]}]},{"@type":"ImageObject","inLanguage":"hr","@id":"https:\/\/webshop.nakladapanda.hr\/?product=classic-blocks-350#primaryimage","url":"https:\/\/webshop.nakladapanda.hr\/wp-content\/uploads\/2026\/01\/902844.jpeg","contentUrl":"https:\/\/webshop.nakladapanda.hr\/wp-content\/uploads\/2026\/01\/902844.jpeg","width":1080,"height":1080},{"@type":"BreadcrumbList","@id":"https:\/\/webshop.nakladapanda.hr\/?product=classic-blocks-350#breadcrumb","itemListElement":[{"@type":"ListItem","position":1,"name":"Home","item":"https:\/\/webshop.nakladapanda.hr\/"},{"@type":"ListItem","position":2,"name":"Products","item":"https:\/\/webshop.nakladapanda.hr\/?post_type=product"},{"@type":"ListItem","position":3,"name":"Classic Blocks 350"}]},{"@type":"WebSite","@id":"https:\/\/webshop.nakladapanda.hr\/#website","url":"https:\/\/webshop.nakladapanda.hr\/","name":"Naklada Panda","description":"","publisher":{"@id":"https:\/\/webshop.nakladapanda.hr\/#organization"},"potentialAction":[{"@type":"SearchAction","target":{"@type":"EntryPoint","urlTemplate":"https:\/\/webshop.nakladapanda.hr\/?s={search_term_string}"},"query-input":{"@type":"PropertyValueSpecification","valueRequired":true,"valueName":"search_term_string"}}],"inLanguage":"hr"},{"@type":"Organization","@id":"https:\/\/webshop.nakladapanda.hr\/#organization","name":"Naklada Panda","url":"https:\/\/webshop.nakladapanda.hr\/","logo":{"@type":"ImageObject","inLanguage":"hr","@id":"https:\/\/webshop.nakladapanda.hr\/#\/schema\/logo\/image\/","url":"https:\/\/webshop.nakladapanda.hr\/wp-content\/uploads\/2025\/12\/naklada-panda-logo.png","contentUrl":"https:\/\/webshop.nakladapanda.hr\/wp-content\/uploads\/2025\/12\/naklada-panda-logo.png","width":643,"height":244,"caption":"Naklada Panda"},"image":{"@id":"https:\/\/webshop.nakladapanda.hr\/#\/schema\/logo\/image\/"}}]}},"_links":{"self":[{"href":"https:\/\/webshop.nakladapanda.hr\/index.php?rest_route=\/wp\/v2\/product\/771","targetHints":{"allow":["GET"]}}],"collection":[{"href":"https:\/\/webshop.nakladapanda.hr\/index.php?rest_route=\/wp\/v2\/product"}],"about":[{"href":"https:\/\/webshop.nakladapanda.hr\/index.php?rest_route=\/wp\/v2\/types\/product"}],"wp:featuredmedia":[{"embeddable":true,"href":"https:\/\/webshop.nakladapanda.hr\/index.php?rest_route=\/wp\/v2\/media\/667"}],"wp:attachment":[{"href":"https:\/\/webshop.nakladapanda.hr\/index.php?rest_route=%2Fwp%2Fv2%2Fmedia&parent=771"}],"wp:term":[{"taxonomy":"product_brand","embeddable":true,"href":"https:\/\/webshop.nakladapanda.hr\/index.php?rest_route=%2Fwp%2Fv2%2Fproduct_brand&post=771"},{"taxonomy":"product_cat","embeddable":true,"href":"https:\/\/webshop.nakladapanda.hr\/index.php?rest_route=%2Fwp%2Fv2%2Fproduct_cat&post=771"},{"taxonomy":"product_tag","embeddable":true,"href":"https:\/\/webshop.nakladapanda.hr\/index.php?rest_route=%2Fwp%2Fv2%2Fproduct_tag&post=771"}],"curies":[{"name":"wp","href":"https:\/\/api.w.org\/{rel}","templated":true}]}}