{"id":378,"date":"2026-01-13T12:18:01","date_gmt":"2026-01-13T12:18:01","guid":{"rendered":"https:\/\/webshop.nakladapanda.hr\/?product=edukativni-svjetlosni-stol"},"modified":"2026-01-13T12:18:01","modified_gmt":"2026-01-13T12:18:01","slug":"edukativni-svjetlosni-stol","status":"publish","type":"product","link":"https:\/\/webshop.nakladapanda.hr\/?product=edukativni-svjetlosni-stol","title":{"rendered":"Edukativni svjetlosni stol"},"content":{"rendered":"<p>Tehni\u010dke informacije:<br \/>\nLED svjetla RGB snage 7,2 W<br \/>\n12 razli\u010ditih boja<br \/>\nDaljinski upravlja\u010d<br \/>\nUlaz: 220 V \/ Izlaz: 12 V<br \/>\nPri\u010dvr\u0161\u0107ene noge stola<\/p>\n","protected":false},"excerpt":{"rendered":"<p>Otkrijte fascinantan na\u010din u\u010denja s Henbea svjetlosnim stolom, koji je edukativan, prakti\u010dan i dizajniran za privla\u010denje dje\u010dje pa\u017enje, istovremeno poti\u010du\u0107i koncentraciju i kreativnost. Ovaj interaktivni resurs savr\u0161en je za edukativne aktivnosti, omogu\u0107uju\u0107i djeci da istra\u017euju, eksperimentiraju i u\u010de kroz igru.<br \/>\nKarakteristike proizvoda:<br \/>\nStol izra\u0111en od bukovog drva s bijelom akrilnom povr\u0161inom debljine 3 mm koja nagla\u0161ava boje i teksture kori\u0161tenih materijala.<br \/>\nOpremljen LED svjetlima u 12 boja, \u0161to omogu\u0107uje personalizaciju iskustva u\u010denja.<br \/>\nDolazi s daljinskim upravlja\u010dem za jednostavno upravljanje svjetlom.<br \/>\nDonja polica olak\u0161ava organizaciju edukativnih materijala.<br \/>\nIdealno za edukativne igre, nastavne igra\u010dke i aktivnosti koje poti\u010du razvoj vi\u0161e inteligencija.<br \/>\nPotaknite radoznalost i ljubav prema u\u010denju kod djece.<\/p>\n","protected":false},"featured_media":327,"template":"","meta":[],"product_brand":[],"product_cat":[39],"product_tag":[],"class_list":{"0":"post-378","1":"product","2":"type-product","3":"status-publish","4":"has-post-thumbnail","6":"product_cat-senzorni-kutak","8":"first","9":"instock","10":"shipping-taxable","11":"purchasable","12":"product-type-simple"},"yoast_head":"<!-- This site is optimized with the Yoast SEO plugin v26.8 - https:\/\/yoast.com\/product\/yoast-seo-wordpress\/ -->\n<title>Edukativni svjetlosni stol - Naklada Panda<\/title>\n<meta name=\"robots\" content=\"noindex, follow, max-snippet:-1, max-image-preview:large, max-video-preview:-1\" \/>\n<meta property=\"og:locale\" content=\"hr_HR\" \/>\n<meta property=\"og:type\" content=\"article\" \/>\n<meta property=\"og:title\" content=\"Edukativni svjetlosni stol - Naklada Panda\" \/>\n<meta property=\"og:description\" content=\"Otkrijte fascinantan na\u010din u\u010denja s Henbea svjetlosnim stolom, koji je edukativan, prakti\u010dan i dizajniran za privla\u010denje dje\u010dje pa\u017enje, istovremeno poti\u010du\u0107i koncentraciju i kreativnost. Ovaj interaktivni resurs savr\u0161en je za edukativne aktivnosti, omogu\u0107uju\u0107i djeci da istra\u017euju, eksperimentiraju i u\u010de kroz igru. Karakteristike proizvoda: Stol izra\u0111en od bukovog drva s bijelom akrilnom povr\u0161inom debljine 3 mm koja nagla\u0161ava boje i teksture kori\u0161tenih materijala. Opremljen LED svjetlima u 12 boja, \u0161to omogu\u0107uje personalizaciju iskustva u\u010denja. Dolazi s daljinskim upravlja\u010dem za jednostavno upravljanje svjetlom. Donja polica olak\u0161ava organizaciju edukativnih materijala. Idealno za edukativne igre, nastavne igra\u010dke i aktivnosti koje poti\u010du razvoj vi\u0161e inteligencija. Potaknite radoznalost i ljubav prema u\u010denju kod djece.\" \/>\n<meta property=\"og:url\" content=\"https:\/\/webshop.nakladapanda.hr\/?product=edukativni-svjetlosni-stol\" \/>\n<meta property=\"og:site_name\" content=\"Naklada Panda\" \/>\n<meta property=\"og:image\" content=\"https:\/\/webshop.nakladapanda.hr\/wp-content\/uploads\/2026\/01\/Svjetlosni-stol.webp\" \/>\n\t<meta property=\"og:image:width\" content=\"1920\" \/>\n\t<meta property=\"og:image:height\" content=\"1971\" \/>\n\t<meta property=\"og:image:type\" content=\"image\/webp\" \/>\n<meta name=\"twitter:card\" content=\"summary_large_image\" \/>\n<script type=\"application\/ld+json\" class=\"yoast-schema-graph\">{\"@context\":\"https:\/\/schema.org\",\"@graph\":[{\"@type\":\"WebPage\",\"@id\":\"https:\/\/webshop.nakladapanda.hr\/?product=edukativni-svjetlosni-stol\",\"url\":\"https:\/\/webshop.nakladapanda.hr\/?product=edukativni-svjetlosni-stol\",\"name\":\"Edukativni svjetlosni stol - Naklada Panda\",\"isPartOf\":{\"@id\":\"https:\/\/webshop.nakladapanda.hr\/#website\"},\"primaryImageOfPage\":{\"@id\":\"https:\/\/webshop.nakladapanda.hr\/?product=edukativni-svjetlosni-stol#primaryimage\"},\"image\":{\"@id\":\"https:\/\/webshop.nakladapanda.hr\/?product=edukativni-svjetlosni-stol#primaryimage\"},\"thumbnailUrl\":\"https:\/\/webshop.nakladapanda.hr\/wp-content\/uploads\/2026\/01\/Svjetlosni-stol.webp\",\"datePublished\":\"2026-01-13T12:18:01+00:00\",\"breadcrumb\":{\"@id\":\"https:\/\/webshop.nakladapanda.hr\/?product=edukativni-svjetlosni-stol#breadcrumb\"},\"inLanguage\":\"hr\",\"potentialAction\":[{\"@type\":\"ReadAction\",\"target\":[\"https:\/\/webshop.nakladapanda.hr\/?product=edukativni-svjetlosni-stol\"]}]},{\"@type\":\"ImageObject\",\"inLanguage\":\"hr\",\"@id\":\"https:\/\/webshop.nakladapanda.hr\/?product=edukativni-svjetlosni-stol#primaryimage\",\"url\":\"https:\/\/webshop.nakladapanda.hr\/wp-content\/uploads\/2026\/01\/Svjetlosni-stol.webp\",\"contentUrl\":\"https:\/\/webshop.nakladapanda.hr\/wp-content\/uploads\/2026\/01\/Svjetlosni-stol.webp\",\"width\":1920,\"height\":1971},{\"@type\":\"BreadcrumbList\",\"@id\":\"https:\/\/webshop.nakladapanda.hr\/?product=edukativni-svjetlosni-stol#breadcrumb\",\"itemListElement\":[{\"@type\":\"ListItem\",\"position\":1,\"name\":\"Home\",\"item\":\"https:\/\/webshop.nakladapanda.hr\/\"},{\"@type\":\"ListItem\",\"position\":2,\"name\":\"Products\",\"item\":\"https:\/\/webshop.nakladapanda.hr\/?post_type=product\"},{\"@type\":\"ListItem\",\"position\":3,\"name\":\"Edukativni svjetlosni stol\"}]},{\"@type\":\"WebSite\",\"@id\":\"https:\/\/webshop.nakladapanda.hr\/#website\",\"url\":\"https:\/\/webshop.nakladapanda.hr\/\",\"name\":\"Naklada Panda\",\"description\":\"\",\"publisher\":{\"@id\":\"https:\/\/webshop.nakladapanda.hr\/#organization\"},\"potentialAction\":[{\"@type\":\"SearchAction\",\"target\":{\"@type\":\"EntryPoint\",\"urlTemplate\":\"https:\/\/webshop.nakladapanda.hr\/?s={search_term_string}\"},\"query-input\":{\"@type\":\"PropertyValueSpecification\",\"valueRequired\":true,\"valueName\":\"search_term_string\"}}],\"inLanguage\":\"hr\"},{\"@type\":\"Organization\",\"@id\":\"https:\/\/webshop.nakladapanda.hr\/#organization\",\"name\":\"Naklada Panda\",\"url\":\"https:\/\/webshop.nakladapanda.hr\/\",\"logo\":{\"@type\":\"ImageObject\",\"inLanguage\":\"hr\",\"@id\":\"https:\/\/webshop.nakladapanda.hr\/#\/schema\/logo\/image\/\",\"url\":\"https:\/\/webshop.nakladapanda.hr\/wp-content\/uploads\/2025\/12\/naklada-panda-logo.png\",\"contentUrl\":\"https:\/\/webshop.nakladapanda.hr\/wp-content\/uploads\/2025\/12\/naklada-panda-logo.png\",\"width\":643,\"height\":244,\"caption\":\"Naklada Panda\"},\"image\":{\"@id\":\"https:\/\/webshop.nakladapanda.hr\/#\/schema\/logo\/image\/\"}}]}<\/script>\n<!-- \/ Yoast SEO plugin. -->","yoast_head_json":{"title":"Edukativni svjetlosni stol - Naklada Panda","robots":{"index":"noindex","follow":"follow","max-snippet":"max-snippet:-1","max-image-preview":"max-image-preview:large","max-video-preview":"max-video-preview:-1"},"og_locale":"hr_HR","og_type":"article","og_title":"Edukativni svjetlosni stol - Naklada Panda","og_description":"Otkrijte fascinantan na\u010din u\u010denja s Henbea svjetlosnim stolom, koji je edukativan, prakti\u010dan i dizajniran za privla\u010denje dje\u010dje pa\u017enje, istovremeno poti\u010du\u0107i koncentraciju i kreativnost. Ovaj interaktivni resurs savr\u0161en je za edukativne aktivnosti, omogu\u0107uju\u0107i djeci da istra\u017euju, eksperimentiraju i u\u010de kroz igru. Karakteristike proizvoda: Stol izra\u0111en od bukovog drva s bijelom akrilnom povr\u0161inom debljine 3 mm koja nagla\u0161ava boje i teksture kori\u0161tenih materijala. Opremljen LED svjetlima u 12 boja, \u0161to omogu\u0107uje personalizaciju iskustva u\u010denja. Dolazi s daljinskim upravlja\u010dem za jednostavno upravljanje svjetlom. Donja polica olak\u0161ava organizaciju edukativnih materijala. Idealno za edukativne igre, nastavne igra\u010dke i aktivnosti koje poti\u010du razvoj vi\u0161e inteligencija. Potaknite radoznalost i ljubav prema u\u010denju kod djece.","og_url":"https:\/\/webshop.nakladapanda.hr\/?product=edukativni-svjetlosni-stol","og_site_name":"Naklada Panda","og_image":[{"width":1920,"height":1971,"url":"https:\/\/webshop.nakladapanda.hr\/wp-content\/uploads\/2026\/01\/Svjetlosni-stol.webp","type":"image\/webp"}],"twitter_card":"summary_large_image","schema":{"@context":"https:\/\/schema.org","@graph":[{"@type":"WebPage","@id":"https:\/\/webshop.nakladapanda.hr\/?product=edukativni-svjetlosni-stol","url":"https:\/\/webshop.nakladapanda.hr\/?product=edukativni-svjetlosni-stol","name":"Edukativni svjetlosni stol - Naklada Panda","isPartOf":{"@id":"https:\/\/webshop.nakladapanda.hr\/#website"},"primaryImageOfPage":{"@id":"https:\/\/webshop.nakladapanda.hr\/?product=edukativni-svjetlosni-stol#primaryimage"},"image":{"@id":"https:\/\/webshop.nakladapanda.hr\/?product=edukativni-svjetlosni-stol#primaryimage"},"thumbnailUrl":"https:\/\/webshop.nakladapanda.hr\/wp-content\/uploads\/2026\/01\/Svjetlosni-stol.webp","datePublished":"2026-01-13T12:18:01+00:00","breadcrumb":{"@id":"https:\/\/webshop.nakladapanda.hr\/?product=edukativni-svjetlosni-stol#breadcrumb"},"inLanguage":"hr","potentialAction":[{"@type":"ReadAction","target":["https:\/\/webshop.nakladapanda.hr\/?product=edukativni-svjetlosni-stol"]}]},{"@type":"ImageObject","inLanguage":"hr","@id":"https:\/\/webshop.nakladapanda.hr\/?product=edukativni-svjetlosni-stol#primaryimage","url":"https:\/\/webshop.nakladapanda.hr\/wp-content\/uploads\/2026\/01\/Svjetlosni-stol.webp","contentUrl":"https:\/\/webshop.nakladapanda.hr\/wp-content\/uploads\/2026\/01\/Svjetlosni-stol.webp","width":1920,"height":1971},{"@type":"BreadcrumbList","@id":"https:\/\/webshop.nakladapanda.hr\/?product=edukativni-svjetlosni-stol#breadcrumb","itemListElement":[{"@type":"ListItem","position":1,"name":"Home","item":"https:\/\/webshop.nakladapanda.hr\/"},{"@type":"ListItem","position":2,"name":"Products","item":"https:\/\/webshop.nakladapanda.hr\/?post_type=product"},{"@type":"ListItem","position":3,"name":"Edukativni svjetlosni stol"}]},{"@type":"WebSite","@id":"https:\/\/webshop.nakladapanda.hr\/#website","url":"https:\/\/webshop.nakladapanda.hr\/","name":"Naklada Panda","description":"","publisher":{"@id":"https:\/\/webshop.nakladapanda.hr\/#organization"},"potentialAction":[{"@type":"SearchAction","target":{"@type":"EntryPoint","urlTemplate":"https:\/\/webshop.nakladapanda.hr\/?s={search_term_string}"},"query-input":{"@type":"PropertyValueSpecification","valueRequired":true,"valueName":"search_term_string"}}],"inLanguage":"hr"},{"@type":"Organization","@id":"https:\/\/webshop.nakladapanda.hr\/#organization","name":"Naklada Panda","url":"https:\/\/webshop.nakladapanda.hr\/","logo":{"@type":"ImageObject","inLanguage":"hr","@id":"https:\/\/webshop.nakladapanda.hr\/#\/schema\/logo\/image\/","url":"https:\/\/webshop.nakladapanda.hr\/wp-content\/uploads\/2025\/12\/naklada-panda-logo.png","contentUrl":"https:\/\/webshop.nakladapanda.hr\/wp-content\/uploads\/2025\/12\/naklada-panda-logo.png","width":643,"height":244,"caption":"Naklada Panda"},"image":{"@id":"https:\/\/webshop.nakladapanda.hr\/#\/schema\/logo\/image\/"}}]}},"_links":{"self":[{"href":"https:\/\/webshop.nakladapanda.hr\/index.php?rest_route=\/wp\/v2\/product\/378","targetHints":{"allow":["GET"]}}],"collection":[{"href":"https:\/\/webshop.nakladapanda.hr\/index.php?rest_route=\/wp\/v2\/product"}],"about":[{"href":"https:\/\/webshop.nakladapanda.hr\/index.php?rest_route=\/wp\/v2\/types\/product"}],"wp:featuredmedia":[{"embeddable":true,"href":"https:\/\/webshop.nakladapanda.hr\/index.php?rest_route=\/wp\/v2\/media\/327"}],"wp:attachment":[{"href":"https:\/\/webshop.nakladapanda.hr\/index.php?rest_route=%2Fwp%2Fv2%2Fmedia&parent=378"}],"wp:term":[{"taxonomy":"product_brand","embeddable":true,"href":"https:\/\/webshop.nakladapanda.hr\/index.php?rest_route=%2Fwp%2Fv2%2Fproduct_brand&post=378"},{"taxonomy":"product_cat","embeddable":true,"href":"https:\/\/webshop.nakladapanda.hr\/index.php?rest_route=%2Fwp%2Fv2%2Fproduct_cat&post=378"},{"taxonomy":"product_tag","embeddable":true,"href":"https:\/\/webshop.nakladapanda.hr\/index.php?rest_route=%2Fwp%2Fv2%2Fproduct_tag&post=378"}],"curies":[{"name":"wp","href":"https:\/\/api.w.org\/{rel}","templated":true}]}}