{"id":366,"date":"2026-01-13T12:17:59","date_gmt":"2026-01-13T12:17:59","guid":{"rendered":"https:\/\/webshop.nakladapanda.hr\/?product=vesela-zidna-igra-krokodil"},"modified":"2026-01-13T12:17:59","modified_gmt":"2026-01-13T12:17:59","slug":"vesela-zidna-igra-krokodil","status":"publish","type":"product","link":"https:\/\/webshop.nakladapanda.hr\/?product=vesela-zidna-igra-krokodil","title":{"rendered":"Vesela zidna igra Krokodil"},"content":{"rendered":"<p>Specifikacije<br \/>\nbroj artikla: 50469<br \/>\nbarkod: 6934510504694<br \/>\nbrend: Viga Toys<br \/>\ndimenzije: 910 x 320 x 60 mm<br \/>\ndob: 18M+<br \/>\nkomada \/ masterkarton: 1<\/p>\n","protected":false},"excerpt":{"rendered":"<p>Ova vesela zidna igra u obliku krokodila puna je iznena\u0111enja i aktivnosti. \u010cvrsta drvena igra\u010dka kombinira nekoliko zabavnih elemenata u jednom \u0161arenom dizajnu, uklju\u010duju\u0107i klizne elemente, rotiraju\u0107e blokove, staze s perlicama i staze za oblike.<br \/>\nDjeca se igraju i u\u010de istovremeno, razvijaju\u0107i finu motoriku, koordinaciju ruka-oko i logi\u010dko razmi\u0161ljanje. Ova drvena igra\u010dka savr\u0161ena je za igraonice, \u0161kole i vrti\u0107e.<br \/>\nPreporu\u010dena dob: od 18 mjeseci<br \/>\nEdukativne prednosti: fina motorika, prepoznavanje oblika i boja, koordinacija, koncentracija<br \/>\nUklju\u010duje: zidnu plo\u010du u obliku krokodila s razli\u010ditim aktivnostima<\/p>\n","protected":false},"featured_media":313,"template":"","meta":[],"product_brand":[26],"product_cat":[37],"product_tag":[],"class_list":{"0":"post-366","1":"product","2":"type-product","3":"status-publish","4":"has-post-thumbnail","6":"product_brand-new-classic-toys","7":"product_cat-didaktika","9":"first","10":"instock","11":"shipping-taxable","12":"purchasable","13":"product-type-simple"},"yoast_head":"<!-- This site is optimized with the Yoast SEO plugin v26.8 - https:\/\/yoast.com\/product\/yoast-seo-wordpress\/ -->\n<title>Vesela zidna igra Krokodil - Naklada Panda<\/title>\n<meta name=\"robots\" content=\"noindex, follow, max-snippet:-1, max-image-preview:large, max-video-preview:-1\" \/>\n<meta property=\"og:locale\" content=\"hr_HR\" \/>\n<meta property=\"og:type\" content=\"article\" \/>\n<meta property=\"og:title\" content=\"Vesela zidna igra Krokodil - Naklada Panda\" \/>\n<meta property=\"og:description\" content=\"Ova vesela zidna igra u obliku krokodila puna je iznena\u0111enja i aktivnosti. \u010cvrsta drvena igra\u010dka kombinira nekoliko zabavnih elemenata u jednom \u0161arenom dizajnu, uklju\u010duju\u0107i klizne elemente, rotiraju\u0107e blokove, staze s perlicama i staze za oblike. Djeca se igraju i u\u010de istovremeno, razvijaju\u0107i finu motoriku, koordinaciju ruka-oko i logi\u010dko razmi\u0161ljanje. Ova drvena igra\u010dka savr\u0161ena je za igraonice, \u0161kole i vrti\u0107e. Preporu\u010dena dob: od 18 mjeseci Edukativne prednosti: fina motorika, prepoznavanje oblika i boja, koordinacija, koncentracija Uklju\u010duje: zidnu plo\u010du u obliku krokodila s razli\u010ditim aktivnostima\" \/>\n<meta property=\"og:url\" content=\"https:\/\/webshop.nakladapanda.hr\/?product=vesela-zidna-igra-krokodil\" \/>\n<meta property=\"og:site_name\" content=\"Naklada Panda\" \/>\n<meta property=\"og:image\" content=\"https:\/\/webshop.nakladapanda.hr\/wp-content\/uploads\/2026\/01\/50469.jpeg\" \/>\n\t<meta property=\"og:image:width\" content=\"720\" \/>\n\t<meta property=\"og:image:height\" content=\"720\" \/>\n\t<meta property=\"og:image:type\" content=\"image\/jpeg\" \/>\n<meta name=\"twitter:card\" content=\"summary_large_image\" \/>\n<script type=\"application\/ld+json\" class=\"yoast-schema-graph\">{\"@context\":\"https:\/\/schema.org\",\"@graph\":[{\"@type\":\"WebPage\",\"@id\":\"https:\/\/webshop.nakladapanda.hr\/?product=vesela-zidna-igra-krokodil\",\"url\":\"https:\/\/webshop.nakladapanda.hr\/?product=vesela-zidna-igra-krokodil\",\"name\":\"Vesela zidna igra Krokodil - Naklada Panda\",\"isPartOf\":{\"@id\":\"https:\/\/webshop.nakladapanda.hr\/#website\"},\"primaryImageOfPage\":{\"@id\":\"https:\/\/webshop.nakladapanda.hr\/?product=vesela-zidna-igra-krokodil#primaryimage\"},\"image\":{\"@id\":\"https:\/\/webshop.nakladapanda.hr\/?product=vesela-zidna-igra-krokodil#primaryimage\"},\"thumbnailUrl\":\"https:\/\/webshop.nakladapanda.hr\/wp-content\/uploads\/2026\/01\/50469.jpeg\",\"datePublished\":\"2026-01-13T12:17:59+00:00\",\"breadcrumb\":{\"@id\":\"https:\/\/webshop.nakladapanda.hr\/?product=vesela-zidna-igra-krokodil#breadcrumb\"},\"inLanguage\":\"hr\",\"potentialAction\":[{\"@type\":\"ReadAction\",\"target\":[\"https:\/\/webshop.nakladapanda.hr\/?product=vesela-zidna-igra-krokodil\"]}]},{\"@type\":\"ImageObject\",\"inLanguage\":\"hr\",\"@id\":\"https:\/\/webshop.nakladapanda.hr\/?product=vesela-zidna-igra-krokodil#primaryimage\",\"url\":\"https:\/\/webshop.nakladapanda.hr\/wp-content\/uploads\/2026\/01\/50469.jpeg\",\"contentUrl\":\"https:\/\/webshop.nakladapanda.hr\/wp-content\/uploads\/2026\/01\/50469.jpeg\",\"width\":720,\"height\":720},{\"@type\":\"BreadcrumbList\",\"@id\":\"https:\/\/webshop.nakladapanda.hr\/?product=vesela-zidna-igra-krokodil#breadcrumb\",\"itemListElement\":[{\"@type\":\"ListItem\",\"position\":1,\"name\":\"Home\",\"item\":\"https:\/\/webshop.nakladapanda.hr\/\"},{\"@type\":\"ListItem\",\"position\":2,\"name\":\"Products\",\"item\":\"https:\/\/webshop.nakladapanda.hr\/?post_type=product\"},{\"@type\":\"ListItem\",\"position\":3,\"name\":\"Vesela zidna igra Krokodil\"}]},{\"@type\":\"WebSite\",\"@id\":\"https:\/\/webshop.nakladapanda.hr\/#website\",\"url\":\"https:\/\/webshop.nakladapanda.hr\/\",\"name\":\"Naklada Panda\",\"description\":\"\",\"publisher\":{\"@id\":\"https:\/\/webshop.nakladapanda.hr\/#organization\"},\"potentialAction\":[{\"@type\":\"SearchAction\",\"target\":{\"@type\":\"EntryPoint\",\"urlTemplate\":\"https:\/\/webshop.nakladapanda.hr\/?s={search_term_string}\"},\"query-input\":{\"@type\":\"PropertyValueSpecification\",\"valueRequired\":true,\"valueName\":\"search_term_string\"}}],\"inLanguage\":\"hr\"},{\"@type\":\"Organization\",\"@id\":\"https:\/\/webshop.nakladapanda.hr\/#organization\",\"name\":\"Naklada Panda\",\"url\":\"https:\/\/webshop.nakladapanda.hr\/\",\"logo\":{\"@type\":\"ImageObject\",\"inLanguage\":\"hr\",\"@id\":\"https:\/\/webshop.nakladapanda.hr\/#\/schema\/logo\/image\/\",\"url\":\"https:\/\/webshop.nakladapanda.hr\/wp-content\/uploads\/2025\/12\/naklada-panda-logo.png\",\"contentUrl\":\"https:\/\/webshop.nakladapanda.hr\/wp-content\/uploads\/2025\/12\/naklada-panda-logo.png\",\"width\":643,\"height\":244,\"caption\":\"Naklada Panda\"},\"image\":{\"@id\":\"https:\/\/webshop.nakladapanda.hr\/#\/schema\/logo\/image\/\"}}]}<\/script>\n<!-- \/ Yoast SEO plugin. -->","yoast_head_json":{"title":"Vesela zidna igra Krokodil - Naklada Panda","robots":{"index":"noindex","follow":"follow","max-snippet":"max-snippet:-1","max-image-preview":"max-image-preview:large","max-video-preview":"max-video-preview:-1"},"og_locale":"hr_HR","og_type":"article","og_title":"Vesela zidna igra Krokodil - Naklada Panda","og_description":"Ova vesela zidna igra u obliku krokodila puna je iznena\u0111enja i aktivnosti. \u010cvrsta drvena igra\u010dka kombinira nekoliko zabavnih elemenata u jednom \u0161arenom dizajnu, uklju\u010duju\u0107i klizne elemente, rotiraju\u0107e blokove, staze s perlicama i staze za oblike. Djeca se igraju i u\u010de istovremeno, razvijaju\u0107i finu motoriku, koordinaciju ruka-oko i logi\u010dko razmi\u0161ljanje. Ova drvena igra\u010dka savr\u0161ena je za igraonice, \u0161kole i vrti\u0107e. Preporu\u010dena dob: od 18 mjeseci Edukativne prednosti: fina motorika, prepoznavanje oblika i boja, koordinacija, koncentracija Uklju\u010duje: zidnu plo\u010du u obliku krokodila s razli\u010ditim aktivnostima","og_url":"https:\/\/webshop.nakladapanda.hr\/?product=vesela-zidna-igra-krokodil","og_site_name":"Naklada Panda","og_image":[{"width":720,"height":720,"url":"https:\/\/webshop.nakladapanda.hr\/wp-content\/uploads\/2026\/01\/50469.jpeg","type":"image\/jpeg"}],"twitter_card":"summary_large_image","schema":{"@context":"https:\/\/schema.org","@graph":[{"@type":"WebPage","@id":"https:\/\/webshop.nakladapanda.hr\/?product=vesela-zidna-igra-krokodil","url":"https:\/\/webshop.nakladapanda.hr\/?product=vesela-zidna-igra-krokodil","name":"Vesela zidna igra Krokodil - Naklada Panda","isPartOf":{"@id":"https:\/\/webshop.nakladapanda.hr\/#website"},"primaryImageOfPage":{"@id":"https:\/\/webshop.nakladapanda.hr\/?product=vesela-zidna-igra-krokodil#primaryimage"},"image":{"@id":"https:\/\/webshop.nakladapanda.hr\/?product=vesela-zidna-igra-krokodil#primaryimage"},"thumbnailUrl":"https:\/\/webshop.nakladapanda.hr\/wp-content\/uploads\/2026\/01\/50469.jpeg","datePublished":"2026-01-13T12:17:59+00:00","breadcrumb":{"@id":"https:\/\/webshop.nakladapanda.hr\/?product=vesela-zidna-igra-krokodil#breadcrumb"},"inLanguage":"hr","potentialAction":[{"@type":"ReadAction","target":["https:\/\/webshop.nakladapanda.hr\/?product=vesela-zidna-igra-krokodil"]}]},{"@type":"ImageObject","inLanguage":"hr","@id":"https:\/\/webshop.nakladapanda.hr\/?product=vesela-zidna-igra-krokodil#primaryimage","url":"https:\/\/webshop.nakladapanda.hr\/wp-content\/uploads\/2026\/01\/50469.jpeg","contentUrl":"https:\/\/webshop.nakladapanda.hr\/wp-content\/uploads\/2026\/01\/50469.jpeg","width":720,"height":720},{"@type":"BreadcrumbList","@id":"https:\/\/webshop.nakladapanda.hr\/?product=vesela-zidna-igra-krokodil#breadcrumb","itemListElement":[{"@type":"ListItem","position":1,"name":"Home","item":"https:\/\/webshop.nakladapanda.hr\/"},{"@type":"ListItem","position":2,"name":"Products","item":"https:\/\/webshop.nakladapanda.hr\/?post_type=product"},{"@type":"ListItem","position":3,"name":"Vesela zidna igra Krokodil"}]},{"@type":"WebSite","@id":"https:\/\/webshop.nakladapanda.hr\/#website","url":"https:\/\/webshop.nakladapanda.hr\/","name":"Naklada Panda","description":"","publisher":{"@id":"https:\/\/webshop.nakladapanda.hr\/#organization"},"potentialAction":[{"@type":"SearchAction","target":{"@type":"EntryPoint","urlTemplate":"https:\/\/webshop.nakladapanda.hr\/?s={search_term_string}"},"query-input":{"@type":"PropertyValueSpecification","valueRequired":true,"valueName":"search_term_string"}}],"inLanguage":"hr"},{"@type":"Organization","@id":"https:\/\/webshop.nakladapanda.hr\/#organization","name":"Naklada Panda","url":"https:\/\/webshop.nakladapanda.hr\/","logo":{"@type":"ImageObject","inLanguage":"hr","@id":"https:\/\/webshop.nakladapanda.hr\/#\/schema\/logo\/image\/","url":"https:\/\/webshop.nakladapanda.hr\/wp-content\/uploads\/2025\/12\/naklada-panda-logo.png","contentUrl":"https:\/\/webshop.nakladapanda.hr\/wp-content\/uploads\/2025\/12\/naklada-panda-logo.png","width":643,"height":244,"caption":"Naklada Panda"},"image":{"@id":"https:\/\/webshop.nakladapanda.hr\/#\/schema\/logo\/image\/"}}]}},"_links":{"self":[{"href":"https:\/\/webshop.nakladapanda.hr\/index.php?rest_route=\/wp\/v2\/product\/366","targetHints":{"allow":["GET"]}}],"collection":[{"href":"https:\/\/webshop.nakladapanda.hr\/index.php?rest_route=\/wp\/v2\/product"}],"about":[{"href":"https:\/\/webshop.nakladapanda.hr\/index.php?rest_route=\/wp\/v2\/types\/product"}],"wp:featuredmedia":[{"embeddable":true,"href":"https:\/\/webshop.nakladapanda.hr\/index.php?rest_route=\/wp\/v2\/media\/313"}],"wp:attachment":[{"href":"https:\/\/webshop.nakladapanda.hr\/index.php?rest_route=%2Fwp%2Fv2%2Fmedia&parent=366"}],"wp:term":[{"taxonomy":"product_brand","embeddable":true,"href":"https:\/\/webshop.nakladapanda.hr\/index.php?rest_route=%2Fwp%2Fv2%2Fproduct_brand&post=366"},{"taxonomy":"product_cat","embeddable":true,"href":"https:\/\/webshop.nakladapanda.hr\/index.php?rest_route=%2Fwp%2Fv2%2Fproduct_cat&post=366"},{"taxonomy":"product_tag","embeddable":true,"href":"https:\/\/webshop.nakladapanda.hr\/index.php?rest_route=%2Fwp%2Fv2%2Fproduct_tag&post=366"}],"curies":[{"name":"wp","href":"https:\/\/api.w.org\/{rel}","templated":true}]}}