{"id":353,"date":"2026-01-13T12:17:56","date_gmt":"2026-01-13T12:17:56","guid":{"rendered":"https:\/\/webshop.nakladapanda.hr\/?product=kutija-s-alatom"},"modified":"2026-01-13T12:17:56","modified_gmt":"2026-01-13T12:17:56","slug":"kutija-s-alatom","status":"publish","type":"product","link":"https:\/\/webshop.nakladapanda.hr\/?product=kutija-s-alatom","title":{"rendered":"Kutija s alatom"},"content":{"rendered":"<p>Specifikacije<br \/>\nbroj artikla: 10551<br \/>\nbarkod: 8718446105518<br \/>\nbrend: Woet<br \/>\ndimenzije: 205 x 140 x 120 mm<br \/>\ndob: 36M+<br \/>\nkomada \/ masterkarton: 12<\/p>\n","protected":false},"excerpt":{"rendered":"<p>Otkrijte radost gradnje s ovim drvenim setom kutije s alatima brenda New Classic Toys. Vremenski provjeren klasik osmi\u0161ljen da nadahne bezbroj sati ma\u0161tovite igre. Sadr\u017ei 16 razli\u010ditih dijelova i sve alate koji su malom stolaru potrebni za igru gradnje. U setu se nalaze: \u010deki\u0107, odvija\u010d, klju\u010d, 2 \u010davla, 3 vijka, 3 matice, 2 mala rotiraju\u0107a zup\u010danika i 3 gra\u0111evinske plo\u010de.<br \/>\nRupe sa strane kutije omogu\u0107uju djeci da zavr\u0107u vijke i pri\u010dvr\u0161\u0107uju matice, ba\u0161 kao pravi stolari! Dok djeca sudjeluju u igri gradnje, u\u010de vrijedne lekcije o rje\u0161avanju problema, prostornoj orijentaciji i pobolj\u0161avaju koordinaciju ruka-oko. Izra\u0111eno od drva FSC\u00ae 100% certificiranog.<\/p>\n","protected":false},"featured_media":288,"template":"","meta":[],"product_brand":[26],"product_cat":[32],"product_tag":[],"class_list":{"0":"post-353","1":"product","2":"type-product","3":"status-publish","4":"has-post-thumbnail","6":"product_brand-new-classic-toys","7":"product_cat-drvene-igracke","9":"first","10":"instock","11":"shipping-taxable","12":"purchasable","13":"product-type-simple"},"yoast_head":"<!-- This site is optimized with the Yoast SEO plugin v26.8 - https:\/\/yoast.com\/product\/yoast-seo-wordpress\/ -->\n<title>Kutija s alatom - Naklada Panda<\/title>\n<meta name=\"robots\" content=\"noindex, follow, max-snippet:-1, max-image-preview:large, max-video-preview:-1\" \/>\n<meta property=\"og:locale\" content=\"hr_HR\" \/>\n<meta property=\"og:type\" content=\"article\" \/>\n<meta property=\"og:title\" content=\"Kutija s alatom - Naklada Panda\" \/>\n<meta property=\"og:description\" content=\"Otkrijte radost gradnje s ovim drvenim setom kutije s alatima brenda New Classic Toys. Vremenski provjeren klasik osmi\u0161ljen da nadahne bezbroj sati ma\u0161tovite igre. Sadr\u017ei 16 razli\u010ditih dijelova i sve alate koji su malom stolaru potrebni za igru gradnje. U setu se nalaze: \u010deki\u0107, odvija\u010d, klju\u010d, 2 \u010davla, 3 vijka, 3 matice, 2 mala rotiraju\u0107a zup\u010danika i 3 gra\u0111evinske plo\u010de. Rupe sa strane kutije omogu\u0107uju djeci da zavr\u0107u vijke i pri\u010dvr\u0161\u0107uju matice, ba\u0161 kao pravi stolari! Dok djeca sudjeluju u igri gradnje, u\u010de vrijedne lekcije o rje\u0161avanju problema, prostornoj orijentaciji i pobolj\u0161avaju koordinaciju ruka-oko. Izra\u0111eno od drva FSC\u00ae 100% certificiranog.\" \/>\n<meta property=\"og:url\" content=\"https:\/\/webshop.nakladapanda.hr\/?product=kutija-s-alatom\" \/>\n<meta property=\"og:site_name\" content=\"Naklada Panda\" \/>\n<meta property=\"og:image\" content=\"https:\/\/webshop.nakladapanda.hr\/wp-content\/uploads\/2026\/01\/10551.jpeg\" \/>\n\t<meta property=\"og:image:width\" content=\"720\" \/>\n\t<meta property=\"og:image:height\" content=\"720\" \/>\n\t<meta property=\"og:image:type\" content=\"image\/jpeg\" \/>\n<meta name=\"twitter:card\" content=\"summary_large_image\" \/>\n<script type=\"application\/ld+json\" class=\"yoast-schema-graph\">{\"@context\":\"https:\/\/schema.org\",\"@graph\":[{\"@type\":\"WebPage\",\"@id\":\"https:\/\/webshop.nakladapanda.hr\/?product=kutija-s-alatom\",\"url\":\"https:\/\/webshop.nakladapanda.hr\/?product=kutija-s-alatom\",\"name\":\"Kutija s alatom - Naklada Panda\",\"isPartOf\":{\"@id\":\"https:\/\/webshop.nakladapanda.hr\/#website\"},\"primaryImageOfPage\":{\"@id\":\"https:\/\/webshop.nakladapanda.hr\/?product=kutija-s-alatom#primaryimage\"},\"image\":{\"@id\":\"https:\/\/webshop.nakladapanda.hr\/?product=kutija-s-alatom#primaryimage\"},\"thumbnailUrl\":\"https:\/\/webshop.nakladapanda.hr\/wp-content\/uploads\/2026\/01\/10551.jpeg\",\"datePublished\":\"2026-01-13T12:17:56+00:00\",\"breadcrumb\":{\"@id\":\"https:\/\/webshop.nakladapanda.hr\/?product=kutija-s-alatom#breadcrumb\"},\"inLanguage\":\"hr\",\"potentialAction\":[{\"@type\":\"ReadAction\",\"target\":[\"https:\/\/webshop.nakladapanda.hr\/?product=kutija-s-alatom\"]}]},{\"@type\":\"ImageObject\",\"inLanguage\":\"hr\",\"@id\":\"https:\/\/webshop.nakladapanda.hr\/?product=kutija-s-alatom#primaryimage\",\"url\":\"https:\/\/webshop.nakladapanda.hr\/wp-content\/uploads\/2026\/01\/10551.jpeg\",\"contentUrl\":\"https:\/\/webshop.nakladapanda.hr\/wp-content\/uploads\/2026\/01\/10551.jpeg\",\"width\":720,\"height\":720},{\"@type\":\"BreadcrumbList\",\"@id\":\"https:\/\/webshop.nakladapanda.hr\/?product=kutija-s-alatom#breadcrumb\",\"itemListElement\":[{\"@type\":\"ListItem\",\"position\":1,\"name\":\"Home\",\"item\":\"https:\/\/webshop.nakladapanda.hr\/\"},{\"@type\":\"ListItem\",\"position\":2,\"name\":\"Products\",\"item\":\"https:\/\/webshop.nakladapanda.hr\/?post_type=product\"},{\"@type\":\"ListItem\",\"position\":3,\"name\":\"Kutija s alatom\"}]},{\"@type\":\"WebSite\",\"@id\":\"https:\/\/webshop.nakladapanda.hr\/#website\",\"url\":\"https:\/\/webshop.nakladapanda.hr\/\",\"name\":\"Naklada Panda\",\"description\":\"\",\"publisher\":{\"@id\":\"https:\/\/webshop.nakladapanda.hr\/#organization\"},\"potentialAction\":[{\"@type\":\"SearchAction\",\"target\":{\"@type\":\"EntryPoint\",\"urlTemplate\":\"https:\/\/webshop.nakladapanda.hr\/?s={search_term_string}\"},\"query-input\":{\"@type\":\"PropertyValueSpecification\",\"valueRequired\":true,\"valueName\":\"search_term_string\"}}],\"inLanguage\":\"hr\"},{\"@type\":\"Organization\",\"@id\":\"https:\/\/webshop.nakladapanda.hr\/#organization\",\"name\":\"Naklada Panda\",\"url\":\"https:\/\/webshop.nakladapanda.hr\/\",\"logo\":{\"@type\":\"ImageObject\",\"inLanguage\":\"hr\",\"@id\":\"https:\/\/webshop.nakladapanda.hr\/#\/schema\/logo\/image\/\",\"url\":\"https:\/\/webshop.nakladapanda.hr\/wp-content\/uploads\/2025\/12\/naklada-panda-logo.png\",\"contentUrl\":\"https:\/\/webshop.nakladapanda.hr\/wp-content\/uploads\/2025\/12\/naklada-panda-logo.png\",\"width\":643,\"height\":244,\"caption\":\"Naklada Panda\"},\"image\":{\"@id\":\"https:\/\/webshop.nakladapanda.hr\/#\/schema\/logo\/image\/\"}}]}<\/script>\n<!-- \/ Yoast SEO plugin. -->","yoast_head_json":{"title":"Kutija s alatom - Naklada Panda","robots":{"index":"noindex","follow":"follow","max-snippet":"max-snippet:-1","max-image-preview":"max-image-preview:large","max-video-preview":"max-video-preview:-1"},"og_locale":"hr_HR","og_type":"article","og_title":"Kutija s alatom - Naklada Panda","og_description":"Otkrijte radost gradnje s ovim drvenim setom kutije s alatima brenda New Classic Toys. Vremenski provjeren klasik osmi\u0161ljen da nadahne bezbroj sati ma\u0161tovite igre. Sadr\u017ei 16 razli\u010ditih dijelova i sve alate koji su malom stolaru potrebni za igru gradnje. U setu se nalaze: \u010deki\u0107, odvija\u010d, klju\u010d, 2 \u010davla, 3 vijka, 3 matice, 2 mala rotiraju\u0107a zup\u010danika i 3 gra\u0111evinske plo\u010de. Rupe sa strane kutije omogu\u0107uju djeci da zavr\u0107u vijke i pri\u010dvr\u0161\u0107uju matice, ba\u0161 kao pravi stolari! Dok djeca sudjeluju u igri gradnje, u\u010de vrijedne lekcije o rje\u0161avanju problema, prostornoj orijentaciji i pobolj\u0161avaju koordinaciju ruka-oko. Izra\u0111eno od drva FSC\u00ae 100% certificiranog.","og_url":"https:\/\/webshop.nakladapanda.hr\/?product=kutija-s-alatom","og_site_name":"Naklada Panda","og_image":[{"width":720,"height":720,"url":"https:\/\/webshop.nakladapanda.hr\/wp-content\/uploads\/2026\/01\/10551.jpeg","type":"image\/jpeg"}],"twitter_card":"summary_large_image","schema":{"@context":"https:\/\/schema.org","@graph":[{"@type":"WebPage","@id":"https:\/\/webshop.nakladapanda.hr\/?product=kutija-s-alatom","url":"https:\/\/webshop.nakladapanda.hr\/?product=kutija-s-alatom","name":"Kutija s alatom - Naklada Panda","isPartOf":{"@id":"https:\/\/webshop.nakladapanda.hr\/#website"},"primaryImageOfPage":{"@id":"https:\/\/webshop.nakladapanda.hr\/?product=kutija-s-alatom#primaryimage"},"image":{"@id":"https:\/\/webshop.nakladapanda.hr\/?product=kutija-s-alatom#primaryimage"},"thumbnailUrl":"https:\/\/webshop.nakladapanda.hr\/wp-content\/uploads\/2026\/01\/10551.jpeg","datePublished":"2026-01-13T12:17:56+00:00","breadcrumb":{"@id":"https:\/\/webshop.nakladapanda.hr\/?product=kutija-s-alatom#breadcrumb"},"inLanguage":"hr","potentialAction":[{"@type":"ReadAction","target":["https:\/\/webshop.nakladapanda.hr\/?product=kutija-s-alatom"]}]},{"@type":"ImageObject","inLanguage":"hr","@id":"https:\/\/webshop.nakladapanda.hr\/?product=kutija-s-alatom#primaryimage","url":"https:\/\/webshop.nakladapanda.hr\/wp-content\/uploads\/2026\/01\/10551.jpeg","contentUrl":"https:\/\/webshop.nakladapanda.hr\/wp-content\/uploads\/2026\/01\/10551.jpeg","width":720,"height":720},{"@type":"BreadcrumbList","@id":"https:\/\/webshop.nakladapanda.hr\/?product=kutija-s-alatom#breadcrumb","itemListElement":[{"@type":"ListItem","position":1,"name":"Home","item":"https:\/\/webshop.nakladapanda.hr\/"},{"@type":"ListItem","position":2,"name":"Products","item":"https:\/\/webshop.nakladapanda.hr\/?post_type=product"},{"@type":"ListItem","position":3,"name":"Kutija s alatom"}]},{"@type":"WebSite","@id":"https:\/\/webshop.nakladapanda.hr\/#website","url":"https:\/\/webshop.nakladapanda.hr\/","name":"Naklada Panda","description":"","publisher":{"@id":"https:\/\/webshop.nakladapanda.hr\/#organization"},"potentialAction":[{"@type":"SearchAction","target":{"@type":"EntryPoint","urlTemplate":"https:\/\/webshop.nakladapanda.hr\/?s={search_term_string}"},"query-input":{"@type":"PropertyValueSpecification","valueRequired":true,"valueName":"search_term_string"}}],"inLanguage":"hr"},{"@type":"Organization","@id":"https:\/\/webshop.nakladapanda.hr\/#organization","name":"Naklada Panda","url":"https:\/\/webshop.nakladapanda.hr\/","logo":{"@type":"ImageObject","inLanguage":"hr","@id":"https:\/\/webshop.nakladapanda.hr\/#\/schema\/logo\/image\/","url":"https:\/\/webshop.nakladapanda.hr\/wp-content\/uploads\/2025\/12\/naklada-panda-logo.png","contentUrl":"https:\/\/webshop.nakladapanda.hr\/wp-content\/uploads\/2025\/12\/naklada-panda-logo.png","width":643,"height":244,"caption":"Naklada Panda"},"image":{"@id":"https:\/\/webshop.nakladapanda.hr\/#\/schema\/logo\/image\/"}}]}},"_links":{"self":[{"href":"https:\/\/webshop.nakladapanda.hr\/index.php?rest_route=\/wp\/v2\/product\/353","targetHints":{"allow":["GET"]}}],"collection":[{"href":"https:\/\/webshop.nakladapanda.hr\/index.php?rest_route=\/wp\/v2\/product"}],"about":[{"href":"https:\/\/webshop.nakladapanda.hr\/index.php?rest_route=\/wp\/v2\/types\/product"}],"wp:featuredmedia":[{"embeddable":true,"href":"https:\/\/webshop.nakladapanda.hr\/index.php?rest_route=\/wp\/v2\/media\/288"}],"wp:attachment":[{"href":"https:\/\/webshop.nakladapanda.hr\/index.php?rest_route=%2Fwp%2Fv2%2Fmedia&parent=353"}],"wp:term":[{"taxonomy":"product_brand","embeddable":true,"href":"https:\/\/webshop.nakladapanda.hr\/index.php?rest_route=%2Fwp%2Fv2%2Fproduct_brand&post=353"},{"taxonomy":"product_cat","embeddable":true,"href":"https:\/\/webshop.nakladapanda.hr\/index.php?rest_route=%2Fwp%2Fv2%2Fproduct_cat&post=353"},{"taxonomy":"product_tag","embeddable":true,"href":"https:\/\/webshop.nakladapanda.hr\/index.php?rest_route=%2Fwp%2Fv2%2Fproduct_tag&post=353"}],"curies":[{"name":"wp","href":"https:\/\/api.w.org\/{rel}","templated":true}]}}